57?
False
Is 103488047 a multiple of 92?
False
Is 3043 a factor of 75875244?
False
Does 41 divide 1021338821?
False
Is 3 a factor of 68716960?
False
Does 101 divide 12093235?
True
Does 126 divide 90962467?
False
Is 35 a factor of 15235640?
True
Is 146080690 a multiple of 35?
True
Is 222 a factor of 13859016?
True
Is 191 a factor of 815287511?
True
Does 10482 divide 1828836925?
False
Does 71 divide 1990052681?
True
Is 95 a factor of 233181965?
True
Is 993354720 a multiple of 15?
True
Does 41 divide 88036842?
False
Is 29 a factor of 232325097?
False
Does 1481 divide 485351839?
True
Is 62610391 a multiple of 1685?
False
Is 5 a factor of 79707776?
False
Is 26 a factor of 922593187?
False
Is 3174854 a multiple of 246?
False
Does 49 divide 47136523?
False
Is 17 a factor of 798887817?
True
Is 1342461025 a multiple of 80?
False
Does 48 divide 13853760?
True
Is 22611947 a multiple of 337?
False
Does 612 divide 627989112?
True
Is 18279798 a multiple of 62?
False
Does 67 divide 1130077083?
False
Is 4 a factor of 167465839?
False
Is 33805592 a multiple of 3896?
True
Is 274659977 a multiple of 34?
False
Is 47 a factor of 190760361?
False
Is 31 a factor of 84684002?
True
Is 159837930 a multiple of 18?
True
Does 360 divide 32671080?
True
Is 752 a factor of 1253324560?
True
Is 27808771 a multiple of 3?
False
Does 105 divide 54542775?
True
Does 13 divide 24039639?
True
Is 1391 a factor of 401325756?
True
Is 33 a factor of 305695030?
False
Does 523 divide 208463616?
True
Does 988 divide 86310546?
False
Is 292890489 a multiple of 25?
False
Is 77 a factor of 487144581?
True
Does 22 divide 653632106?
False
Is 15 a factor of 57799590?
True
Is 186 a factor of 972700020?
True
Does 882 divide 18355302?
True
Is 51966168 a multiple of 24?
True
Is 1595413266 a multiple of 1038?
True
Does 4034 divide 915080023?
False
Is 2 a factor of 1330785?
False
Is 601320383 a multiple of 683?
False
Is 7529 a factor of 2853099492?
True
Does 72 divide 605107308?
False
Is 11 a factor of 3724380008?
False
Is 123 a factor of 434952600?
True
Is 21 a factor of 123682587?
True
Is 694 a factor of 1806833858?
True
Does 155 divide 11804504?
False
Is 9126962 a multiple of 12?
False
Does 180 divide 231794368?
False
Is 316515689 a multiple of 8?
False
Is 3 a factor of 4235991?
True
Is 6616 a factor of 956594208?
True
Does 596 divide 38937276?
True
Is 62832145 a multiple of 19?
True
Is 10636311 a multiple of 284?
False
Is 10859 a factor of 1642796766?
False
Is 53788725 a multiple of 6?
False
Is 127 a factor of 599440?
True
Is 1495771962 a multiple of 3176?
False
Does 1377 divide 55977804?
True
Is 174 a factor of 105399804?
True
Is 61068859 a multiple of 66?
False
Is 84065123 a multiple of 634?
False
Is 106626206 a multiple of 23?
True
Does 93 divide 8147692?
False
Is 12 a factor of 17582532?
True
Does 280 divide 89958687?
False
Is 25 a factor of 12849175?
True
Is 55899636 a multiple of 21?
False
Is 2963096778 a multiple of 114?
True
Is 12086668 a multiple of 22?
True
Does 101 divide 2505608?
True
Does 9 divide 262007838?
True
Is 21 a factor of 1574765932?
False
Is 1295 a factor of 392763140?
True
Is 661 a factor of 15647335?
False
Is 153988705 a multiple of 369?
False
Is 313420980 a multiple of 174?
True
Is 19654 a factor of 4958396977?
False
Does 395 divide 445118112?
False
Is 98 a factor of 44809520?
True
Is 646101495 a multiple of 13?
True
Is 56691744 a multiple of 96?
True
Does 13 divide 87478340?
False
Is 35696782 a multiple of 437?
True
Is 2258207690 a multiple of 7738?
False
Does 61 divide 182008933?
True
Does 49 divide 1927909?
False
Is 248484511 a multiple of 11?
True
Does 191 divide 4001832?
True
Is 44076744 a multiple of 24?
True
Is 424 a factor of 181503677?
False
Is 1805 a factor of 655210477?
False
Does 4936 divide 149091985?
False
Does 296 divide 13352327?
False
Does 407 divide 117496948?
False
Does 3161 divide 14739743?
True
Is 201547683 a multiple of 389?
False
Is 14454458 a multiple of 7?
False
Is 188 a factor of 11978281?
False
Is 277149725 a multiple of 14?
False
Is 194 a factor of 7810052?
True
Is 86946853 a multiple of 1607?
False
Is 8624 a factor of 662064480?
True
Does 175 divide 6087725?
True
Does 34 divide 124050156?
True
Does 17 divide 1572698122?
False
Does 111 divide 5790870?
True
Is 266456831 a multiple of 6735?
False
Is 1395252880 a multiple of 12?
False
Is 5 a factor of 606828495?
True
Does 6 divide 33866556?
True
Is 30752653 a multiple of 49?
False
Is 163562291 a multiple of 45?
False
Is 536 a factor of 36467149?
False
Is 515 a factor of 1859498655?
True
Is 20029788 a multiple of 1942?
True
Is 1466 a factor of 43978854?
False
Is 442 a factor of 1048899036?
False
Does 59 divide 14662444?
True
Is 319587015 a multiple of 363?
True
Is 98 a factor of 3314728?
False
Does 15 divide 114417240?
True
Is 3326672 a multiple of 38?
True
Does 3395 divide 86506286?
False
Does 246 divide 67861259?
False
Is 36 a factor of 223347672?
True
Does 8 divide 2736632840?
True
Is 430166272 a multiple of 284?
False
Does 7043 divide 841948392?
True
Is 264469018 a multiple of 19?
True
Is 380430195 a multiple of 15?
True
Is 29684358 a multiple of 6?
True
Is 21629085 a multiple of 17?
False
Is 1509195565 a multiple of 2618?
False
Is 4473849 a multiple of 56?
False
Is 10939810 a multiple of 1321?
False
Does 1837 divide 720379550?
True
Is 61412437 a multiple of 126?
False
Is 8834308 a multiple of 329?
True
Does 407 divide 490281813?
False
Is 289788123 a multiple of 1728?
False
Is 5239469426 a multiple of 128?
False
Is 59149220 a multiple of 11?
False
Does 1112 divide 47802427?
False
Does 7 divide 120572620?
True
Is 38346375 a multiple of 129?
False
Is 114 a factor of 3230437714?
False
Is 834546086 a multiple of 1663?
False
Is 11257380 a multiple of 40?
False
Does 444 divide 47078862?
False
Is 33173159 a multiple of 75?
False
Is 1775004880 a multiple of 20?
True
Does 457 divide 961924219?
True
Is 46 a factor of 124528056?
False
Is 2230 a factor of 5373207300?
True
Is 413 a factor of 26252330?
False
Does 26 divide 231618971?
False
Is 3 a factor of 24348610?
False
Is 1673 a factor of 3658851?
True
Is 1154 a factor of 5516120?
True
Is 61 a factor of 1112964363?
False
Does 618 divide 9944448?
False
Is 8680208 a multiple of 113?
True
Is 22065746 a multiple of 15?
False
Does 1047 divide 43362502?
False
Does 74 divide 197173518?
True
Does 115 divide 4736969370?
True
Is 39308837 even?
False
Is 1432 a factor of 45427336?
True
Does 13 divide 212354715?
False
Does 8 divide 24279233?
False
Is 4278 a factor of 1329528395?
False
Is 103887721 a multiple of 27?
False
Is 38794015 a multiple of 102?
False
Is 244455 a multiple of 215?
True
Is 2311 a factor of 329424300?
False
Is 3 a factor of 59655663?
True
Is 62 a factor of 14392432?
True
Is 594633788 a multiple of 831?
False
Is 19925263 a multiple of 271?
False
Is 423526576 a multiple of 2400?
False
Is 74 a factor of 190003436?
True
Is 285 a factor of 151166280?
True
Is 120 a factor of 69564120?
True
Is 39 a factor of 23031138?
True
Does 1308 divide 132960816?
True
Does 39 divide 82876677?
True
Is 99109210 a multiple of 26?
False
Is 2712 a factor of 870215712?
True
Is 389790281 a multiple of 627?
False
Does 2863 divide 89471613?
True
Is 7016 a factor of 1324936520?
True
Is 1497 a factor of 186855540?
True
Does 7 divide 18060142?
False
Does 646 divide 142514706?
True
Is 2432150928 a multiple of 54?
True
Is 34 a factor of 19801067?
False
Does 19 divide 47259954?
True
Is 610 a factor of 18899020?
True
Is 32 a factor of 138624412?
False
Is 28 a factor of 13254752?
True
Does 19 divide 242981101?
True
Is 1513 a factor of 64163304?
True
Is 21847852 a multiple of 52?
True
Is 968 a factor of 57880592?
True
Is 158858861 a multiple of 4123?
False
Does 1547 divide 121720283?
False
Is 49182600 a multiple of 100?
True
Does 215 divide 725492130?
True
Is 69 a factor of 21535779?
False
Does 25 divide 58064650?
True
Does 9 divide 1754295?
False
Is 246957920 a multiple of 5?
True
Is 1339425243 a multiple of 5583?
False
Is 14376400 a multiple of 100?
True
Is 29803656 a multiple of 12?
True
Is 28 a factor of 56431450?
False
Is 4760796 a multiple of 6?
True
Is 497909154 a multiple of 6?
True
Does 15 divide 66528495?
True
Is 63 a factor of 1870661096?
False
Is 131588992 a multiple of 